 = -y + 1. Give t(c).
-6
Let j(z) = 9*z**2 - 9*z - 5. Let l(v) = -16*v**2 + 17*v + 9. Let y(h) = 7*j(h) + 4*l(h). Let b(d) = d**2 - 5*d - 1. Let s be b(6). Calculate y(s).
1
Let r(h) = -h**3 + 5*h**2 - 4*h - 3. Suppose q = -5*z - q + 30, 5*z = -3*q + 25. Let k = z + -4. Calculate r(k).
-3
Let k(c) = 2*c + 6. Suppose -4*p - 12 = -4*d, 4*p + 8 = -0. Suppose -6 + d = l. Give k(l).
-4
Let d(q) be the first derivative of q**4/4 - 5*q**3/3 - 5*q**2/2 - 8*q + 20. Suppose 19 = 5*m - 11. Determine d(m).
-2
Let d(q) = -5*q**3 - 7 + q - 2*q**2 + 6*q**3 - 7*q**2. Let w be d(9). Let y(a) = 4 + a**w - 5*a - 2 - 4. Calculate y(4).
-6
Let c be 4/(-14) - (-150)/(-14). Let i = c + 7. Let s(z) = 2 + 7 - 3 + 6*z + z**2 - 1. What is s(i)?
-3
Suppose 2*p = -4*i - 3*p, 0 = p + 4. Let o(m) = -i + 2 - 18*m + 16*m. Determine o(-3).
3
Let n(k) = -11*k - 2. Let j(l) = 2 + 0*l - 5 - 11*l. Let c(b) = -2*j(b) + 3*n(b). Let m = 60 + -59. Calculate c(m).
-11
Let m be 0 - -2*(-2 + 3). Let f(r) = -r**2 + 3*r**2 - r**3 + 0*r**3 - 5*r**3 - m*r + 1. Let z be (2/(-4))/((-1)/2). Give f(z).
-5
Let v = 0 + -6. Let i(t) = -t**3 - t**2 + t - 7. Let k(h) = -h**3 - 8. Let r(b) = 5*i(b) - 4*k(b). Determine r(v).
3
Let h = -16 + 18. Let v(o) = o**2 - 2*o + 2. Let k be v(h). Let c(x) = -x + 1. Calculate c(k).
-1
Let u(i) = 2. Let w(z) = -z. Let l(s) = u(s) + 3*w(s). Give l(4).
-10
Let g(h) = 7*h - 1. Let k(c) = -c + 6. Let p be k(7). Let s = 0 + p. Calculate g(s).
-8
Let i = 5 - 2. Suppose 6*l - i*l = -3. Let n(o) = 7*o**3 - o**2 - o - 1. Give n(l).
-8
Suppose -2*x = 4, g + 6*x = 2*x - 9. Let n = g + 6. Let c(p) = -p**3 + 6*p**2 - 2*p - 3. What is c(n)?
12
Suppose 2*z - 14 = -5*v + 5*z, -3*v + 4*z + 4 = 0. Suppose v*i = -2*f + 6, 2*f - 10 = 4*i - 4. Let o(t) = -t + 4. What is o(i)?
4
Let h(v) = v - 3. Suppose -4*s = s + 5*t + 105, 70 = -5*s + 2*t. Let z be (s/(-10))/(4/10). Suppose -4*a - 5*g = 7 - 2, -5*g = -z*a + 45. Give h(a).
2
Let b be (-1 - -7) + (-2)/1. Suppose 0 = -k - k + b. Suppose -4*w + 4 = -3*u + 11, 14 = -k*w - 2*u. Let x(f) = f**3 + 5*f**2 + 4*f - 5. Determine x(w).
-5
Let y(a) = -3*a - 3 + 2 + 0. Let v be y(-2). Let q(o) = -2*o**2 - v + 3 + o**3 - o + 3*o**2. What is q(0)?
-2
Let v = -221 + 223. Let f(z) = 7*z**2 + 3*z - 9. Let u(o) = 6*o**2 + 3*o - 8. Let h(q) = 5*f(q) - 6*u(q). Determine h(v).
-7
Let x(a) = 6*a**2 + 3 - 5 + 4*a + 1 + a**3 + 3. Let b = 5 - 10. Give x(b).
7
Let d(g) be the third derivative of -g**6/120 + g**5/12 - g**4/12 - 2*g**3/3 - 12*g**2. Determine d(4).
4
Let o(b) = b**2 - b + 8. Let s = 5 - 4. Let i(v) = -v**2 + 2*v - 1. Let m be i(s). What is o(m)?
8
Suppose -2*n + 5 = 9. Let d(z) = z + 4. Calculate d(n).
2
Let h(p) = 4*p**2 + p**3 - p + 2*p - 3*p**2. Calculate h(-1).
-1
Let v(w) = -2*w - 6. Let s = 30 - 21. Let h be (35/21)/(1/s). Suppose -2*g - 3*g = -3*j - h, -j - 3*g = 5. Give v(j).
4
Let j(b) be the first derivative of b**2/2 + 4*b - 2. Determine j(-7).
-3
Let i be 16/7 - 14/49. Let y = i + 0. Let o(z) = -6*z**2 + 2*z**2 + 3*z**y - 2*z. Give o(-4).
-8
Let s(c) be the second derivative of c**5/20 + c**4/12 + c**3/6 + c. Let k(x) = -x**3 + 2*x**2 - 2*x + 3. Let z be k(2). Give s(z).
-1
Suppose -o = -3*i + i - 2, 2*o - 2*i - 6 = 0. Let u(t) be the third derivative of 2/3*t**3 + 0*t - 3*t**2 + 0 - 1/24*t**4. Give u(o).
0
Let q = 14 + -11. Let u(o) = -3*o**q + 1 - 2*o**2 + o**3 + 0*o**3. Determine u(-1).
1
Let h(f) = -7*f - 5. Let m(a) = 4*a + 2. Let w(r) = -2*h(r) - 5*m(r). What is w(-1)?
6
Suppose -3*d - d = 12. Let x(h) = -h + 4. Give x(d).
7
Let c(k) = k**3 + 4*k**2 + 3*k - 2. Suppose -7 = 2*w - 3*w. Suppose -16 = 3*y - w. Determine c(y).
-2
Let r = 9 - 6. Let q(z) = -z**2 + 10*z + 2 - 5*z + 7*z**2 - z**3 + 2*z**r. Let t be -10*(0 - (-1)/2). What is q(t)?
2
Let o(t) = -9*t + 11*t - 3 - 4*t. Let z be o(-5). Let r = z - 7. Let k(a) = -a + 4. What is k(r)?
4
Let y = -388 - -387. Let n(s) be the third derivative of s**5/60 - s**4/12 - s**3/6 + s**2. Determine n(y).
2
Let c(p) = -2*p + 1. Let h(d) = d. Let g(s) = c(s) - h(s). Give g(4).
-11
Let m = 4 + 5. Suppose -3 + m = 3*a. Let c(i) = -7*i**2 + 0*i**a + 0 + 1. Give c(-1).
-6
Suppose 2*j = -j. Suppose -p + 6*p = j. Let b = -4 + p. Let d(a) = -a**3 - 4*a**2 - a. Calculate d(b).
4
Let i(s) = -s**2 - 5*s - 6. Let c = 0 - 4. Determine i(c).
-2
Let b(x) be the third derivative of x**6/120 - x**5/20 - x**4/6 - 2*x**2. Let s be b(4). Let w(y) = -1 + y + 3 + s - 5. Give w(-5).
-8
Let y(v) = v**3 - 7*v**2 + 4*v + 4. Let n = 19 + -13. Give y(n).
-8
Suppose 0*m = m. Let c be -5*(m + -1 - -2). Let f(v) = -v**2 - 4*v - 1. Let y(u) = -u**2 - 4*u. Let x(r) = 3*f(r) - 4*y(r). Determine x(c).
2
Let k(b) = b**2 - b - 9. Let u be k(4). Let c(m) = m**2 - 2*m**3 - m + 0*m**3 + m**3 - 5*m**2 + u. Determine c(-4).
7
Let u(j) = -j**2 + 2*j - 1. Let o(a) = 4*a**2 - 9*a + 5. Let h(q) = -2*o(q) - 9*u(q). Let r = -9 + 11. Determine h(r).
3
Let g(n) = -4*n**2 - 4*n + 9. Let y(x) = -3*x**2 - 3*x + 8. Let a(f) = -4*g(f) + 5*y(f). Let u be (1 - 1)*5/(-5). Determine a(u).
4
Let y(x) = -x**3 - 7*x**2 + 11*x + 14. Let t be y(-8). Let n(o) = o**3 + 11*o**2 + 10*o - 5. What is n(t)?
-5
Let j(n) = n**2 + 2*n + 2. Suppose -3*m - 9 + 3 = 0. What is j(m)?
2
Let p(o) = o**2 - 7*o + 1. Let l(w) = 2*w**2 - 8*w. Let n(x) = 2*l(x) - 3*p(x). Let r(s) be the first derivative of n(s). Calculate r(-4).
-3
Let r(o) = o - o**2 + 7 - 2 - 9. Give r(3).
-10
Let h = 86 - 82. Let q(o) be the first derivative of 1 + 2*o**2 - 3*o - o**3 + 1/4*o**h. Calculate q(2).
1
Let n(u) be the third derivative of -u**6/120 - u**5/60 + u**4/8 - u**3/2 + 3*u**2. What is n(2)?
-9
Let g(i) = i. Let c be g(2). Let x(b) be the third derivative of 0*b + b**3 + 2*b**c - 1/24*b**4 + 0. Calculate x(5).
1
Let k(y) = -y. Suppose -2*v + 17 = -p, -2*v - p + 5 = 2*p. Let x(o) be the third derivative of o**5/60 - o**4/3 + o**3/3 + o**2. Let a be x(v). Determine k(a).
5
Let w(i) = i**2 + 7*i - 2. Suppose -8*l - 30 = -3*l. What is w(l)?
-8
Suppose -5*b = -2*p + 29, 5*b - 14 = -p - 37. Suppose -p*u + 5 - 1 = 0. Let z(j) = 5*j - 1. What is z(u)?
9
Suppose -3*g = 7 + 2. Let m(w) = -w**2 - 2*w + 2. Calculate m(g).
-1
Let b be -4 + (-1)/(4/(-12)). Suppose 0 = -3*q - 3*g + g + 17, 2*g - 5 = q. Let n(t) = 2*t**3 + t + t**q - 1 - t**2 - 3*t. Determine n(b).
-3
Let c(l) = 2*l - 2. Suppose m = -0 + 6. Let k = m - 3. What is c(k)?
4
Let v be 6*(0 + 4/6). Let c(p) = -3*p + v*p + 3 - 1 - 3. Calculate c(4).
3
Let z(w) = w**2 - 2*w - 1. Let m be z(-1). Let g be m/(-6)*1*-9. Let l(k) = -3*k - 3. Give l(g).
-12
Let o(u) = -u**2 - 8*u + 2. Let a be o(-8). Let n(f) = -f**3 - 1 - 4*f**a - 2*f - 2 + 0*f**2. Suppose 4*z = -0*z - 8. Calculate n(z).
-7
Let u(z) = z**2 - z + 1. Let y(c) = -3*c + 2. Let t be 1 - ((-2 - -3) + -2). Let q(j) = j - 1. Let p be q(t). Let f(l) = p*u(l) + y(l). Calculate f(3).
0
Let i(x) = -x**3 + 5*x**2 - 5*x + 4*x**3 - 4*x**3. Suppose 2*s = 2*b + 18, -21 = -4*s + 2*b - b. What is i(s)?
-4
Let h = 4 - 7. Let w(j) be the third derivative of -j**4/6 - j**3/2 - 23*j**2. Calculate w(h).
9
Suppose 2*z - 3*z + 2 = 0. Let c(g) = 2*g**3 + 4*g**2 + g - 1. Let i(k) = -3*k**3 - 7*k**2 - 2*k + 1. Let f = 2 - 5. Let h(r) = f*i(r) - 5*c(r). What is h(z)?
0
Let p(i) be the third derivative of -i**4/24 + i**3/3 + 2*i**2. Let n be (-5)/(-2) - 2/4. Suppose -d = n - 0. Give p(d).
4
Let u(c) be the third derivative of c**6/360 - c**5/30 + c**4/8 - c**3/6 - c**2. Let a(z) be the first derivative of u(z). Let v be (-5)/1 + 96/12. Give a(v).
0
Let u be 21/6 + (-1)/(-2). Let t(i) = i + 2. Determine t(u).
6
Let x be 2/(0 + (-4)/(-2)). Let y(z) = 8 - x - 1 - z. Let v be (5 - 108/20)*(1 - 16). Calculate y(v).
0
Let s(o) = o + 8. Let v be s(-6). Let p(b) = -5*b + 27 + 0*b + 3*b - 28. What is p(v)?
-5
Let b = 28 + -26. Let m(z) be the second derivative of -z**b + 3*z - 1/3*z**3 + 0. What is m(-3)?
4
Let q(o) = -7*o. Let i = 0 - 1. Let z be 2/((-1)/i*-2). Calculate q(z).
7
Let o(r) = -r**3 + 2*r**2 + 1. Suppose -6 = 8*j - 10*j. Give o(j).
-8
Let t(f) = -f**2 + 12*f - 6. Let n(g) = g. Let k(a) = 6*n(a) - t(a). Let p(s) = 3*s**2 + s. Let o be p(1). Calculate k(o).
-2
Let x(i) = 5*i - 6*i + i**3 + 2*i**3 - 2*i**3. Let h be x(0). Let q(y) = -y**3 + y**2 - y - 3. Give q(h).
-3
Let u(t) = -t**3 - 5*t**2 - 6*t - 5. L